mainder when 15 is divided by b(-9).
6
Let m(a) = a**3 - 10*a**2 + 2*a + 10. What is the remainder when 51 is divided by m(10)?
21
Let l = -224 + 241. Calculate the remainder when 252 is divided by l.
14
Let r be (-50)/18 + 6/(-27). Let h = r + 7. Let z = -362 + 367. What is the remainder when z is divided by h?
1
Let f = -46 + 61. Let v be (-4)/(-8)*2 + -1. Suppose 3*x + 30 = r + 2*r, v = -5*x - f. What is the remainder when 11 is divided by r?
4
Suppose 5*v - 50 = 40. Let w(x) = -2*x + 11. Let r be w(8). Let n = r - -15. What is the remainder when v is divided by n?
8
Let t(x) = x**3 + 6*x**2 - 5*x - 23. What is the remainder when 177 is divided by t(-6)?
2
Suppose 8 + 32 = 10*p. Suppose -p*q + 17 + 11 = 0. Calculate the remainder when 32 is divided by q.
4
Suppose 158 = -f + 3*f. Let m be (60/7)/(5 + (-102)/21). Suppose -3*y = -2*y, m = 3*c - 2*y. What is the remainder when f is divided by c?
19
Let g = 10 - 0. Let i = 745 + -709. Calculate the remainder when i is divided by g.
6
Suppose 167*t = -27*t + 2134. What is the remainder when 92/3 + (-2)/3 is divided by t?
8
Suppose -3*j + d = -131, 0 = -5*j + 2*j + 5*d + 127. Let s = -13 + 22. Let v(o) = -o**2 + 13*o - 13. What is the remainder when j is divided by v(s)?
21
Let u = 701 - 645. Calculate the remainder when u is divided by 36.
20
Let t be (-2)/(-5) + (-68)/20. Let h = t - -15. Calculate the remainder when 34 is divided by h.
10
Let i = 4 - 0. Suppose -6*g = -2*g - i*f - 28, -2*g - 2*f = -6. Suppose g = 5*q - 30. What is the remainder when 18 is divided by q?
4
Let t = 3 + 0. Suppose -l - 5 = 0, 2*l + 93 = -2*x - t*l. Let i = x - -54. What is the remainder when i is divided by 11?
9
Suppose 0 = w - h - 13, 5*w + 4*h - 67 = 2*w. Calculate the remainder when 54 is divided by w.
3
Let n(c) = c**3 + 10*c**2 - 27*c + 31. Calculate the remainder when 1204 is divided by n(-12).
65
Let x = -296 + -27. Let c = x + 498. Suppose 0 = 2*n + 19 - c. What is the remainder when n is divided by 27?
24
Let j = -601 - -636. What is the remainder when 211 is divided by j?
1
Calculate the remainder when 9/(7 - 4) - -39 is divided by 28.
14
Let h(u) = -u**3 + 2*u**2 + 6*u + 9. Calculate the remainder when h(-4) is divided by 12.
9
Let h(q) = -2*q + 2. Let s be h(-9). Let n be 50/(-4)*16/s. Calculate the remainder when 55 is divided by ((-1)/2 - 1)*n.
10
Calculate the remainder when 312 is divided by (4 + 1)/((-3)/(-9)).
12
Let u be (-40)/15 - 2/(-3). Let x be u/(-5 - -3)*-27. Calculate the remainder when 252/x*(-9)/2 is divided by 15.
12
Let n = -1 - -13. Suppose 3*l - n = l. Suppose 2*b + l = 152. What is the remainder when b is divided by 19?
16
Let x(k) = 14*k + 7. Let p(y) = 11*y - 43. What is the remainder when x(7) is divided by p(5)?
9
Let l be (3 - 1) + -13 + (-4 - -5). Let x(t) = -2*t + 42. Suppose 6 = m + 2*m, -26 = -y - 5*m. Calculate the remainder when x(l) is divided by y.
14
Suppose 11 = 2*w + 2*l - l, -3*w + 19 = 2*l. Let i = 25 - -1. What is the remainder when 6*(-2 + i/w) is divided by 14?
12
Calculate the remainder when 104 is divided by ((-2)/6)/(-1) - 14135/(-165).
18
Suppose -6*o + 52 = -2*w - 3*o, w + 26 = 4*o. Let j = w + 29. What is the remainder when 4 is divided by j?
1
Suppose 315*p - 321*p + 342 = 0. What is the remainder when 283 is divided by p?
55
Suppose k = -2*a + 48, a = 5*k + 38 - 234. Let l = k + 13. What is the remainder when l is divided by 14?
11
What is the remainder when (-3639 - 0)/(38 + -41) is divided by 45?
43
What is the remainder when 625 is divided by (10 - (-4)/(-8))/((-2)/(-12))?
55
What is the remainder when -5 - (-159)/(4 + -1) is divided by 14?
6
Suppose 5*h + 3*u = 36 + 39, h = -u + 17. Suppose h + 2 = 3*y + 5*r, 5*r + 25 = 0. Suppose -2*b = -y - 9. What is the remainder when 30 is divided by b?
8
Suppose -z + 5*d + 5 = -12, -2*z + 45 = d. Let v = 830 - 768. Calculate the remainder when v is divided by z.
18
Suppose 5*y + 5 - 20 = 0. Let c = 10 - -10. Suppose -5*m + c = 5. Calculate the remainder when m is divided by y.
0
Let z = -54 + 77. What is the remainder when z is divided by (2 - 2) + -16 + 18 + 3?
3
Let z(s) = s**3 + 5*s**2 + 5*s + 7. Let v be z(-4). Suppose v*c = c + 48. What is the remainder when 6/c - (-614)/8 is divided by 13?
12
Calculate the remainder when 4/16*(-15136)/(-8) is divided by 28.
25
Let o = 5 - -8. Let h(n) be the third derivative of -n**6/120 + 2*n**5/15 - n**4/6 - 5*n**3/6 + 8*n**2. Calculate the remainder when h(5) is divided by o.
11
Let v(u) = u**3 + 4*u**2 - 40*u + 1. What is the remainder when 46 is divided by v(5)?
20
Let v(t) = -t**3 - 14*t**2 + t - 1. Let i be v(-14). Suppose 0*w - 3*w - 2*o = 302, 5*o + 105 = -w. What is the remainder when 2/6 + w/i is divided by 2?
1
Let h = -347 - -379. Calculate the remainder when 121 is divided by h.
25
Suppose 116 = 9*w - 55. What is the remainder when w is divided by 6?
1
Let b(f) = 3*f + 11. Let l be b(-5). Let m = l - -7. Suppose -2*k = d - 34, -m*d = 6 - 0. What is the remainder when k is divided by 7?
4
Let n(o) = -o**2 + 9*o + 10. Let v be n(8). Let r be (-4)/v + (-96)/54. What is the remainder when 83 is divided by (8 + 6)*(-3)/r?
20
Let f = -784 + 921. What is the remainder when f is divided by 38?
23
Let b = 5 + -17. Let s = b - -17. Suppose 5*w - 2*i = -5*i + 64, -2*w = -s*i - 38. Calculate the remainder when 40 is divided by w.
12
Let y = 168 + -129. Calculate the remainder when y is divided by 5.
4
Suppose -35 = -5*m - 4*x, -18*m = -20*m + x + 14. What is the remainder when 76 is divided by m?
6
Let b = -272 - -322. What is the remainder when b is divided by 3?
2
Suppose w - 18 = u + 3*u, 3*w - 45 = 3*u. Suppose -19 = -3*k + w. Suppose 0 = 10*h - 347 + 37. Calculate the remainder when h is divided by k.
9
Suppose 0 = -3*n - 25 + 565. Suppose -35 = -25*z + 615. Calculate the remainder when n is divided by z.
24
Suppose -i - i = -3*t + 506, -5*t = -3*i - 842. Suppose h = -h + t. What is the remainder when h is divided by 28?
27
Let c = -6 - -20. Let k = 26 - c. Calculate the remainder when 46 is divided by k.
10
Let z = -30 + 48. Calculate the remainder when -2*(20/(-70) - (-236)/(-7)) is divided by z.
14
Suppose -429*h + 332 = -425*h. What is the remainder when 576 is divided by h?
78
Let i = 831 - 797. What is the remainder when 3022 is divided by i?
30
Suppose 96 = g + 3*g. Suppose -3*d = -g - 33. Suppose -2*z + 3*z - 55 = 0. What is the remainder when z is divided by d?
17
Suppose -50 - 42 = -2*q. Let d = -17026 + 17038. What is the remainder when q is divided by d?
10
Suppose -149 = 7*f + 54. Let v = 47 + f. What is the remainder when 67 is divided by v?
13
Suppose 0 = 4*o + 2*m - 358, 5*m - 99 = 3*o - 335. Calculate the remainder when o is divided by 8.
7
Suppose 3*r + 8 = -46. Let t = 1 - r. Suppose 35 = -3*c + 4*c. What is the remainder when c is divided by t?
16
What is the remainder when (-1119)/(-21)*(-11)/((-121)/77) is divided by 77?
65
Let v = 174 + -290. Let k = -51 - v. Calculate the remainder when k is divided by 11.
10
Let d(g) = 9*g - 7. Suppose -44 = -4*n - i + 6*i, 22 = n - 4*i. Calculate the remainder when d(n) is divided by (-27)/18 + (-27)/(-2).
11
Suppose 172 = 98*f - 94*f. What is the remainder when 79 is divided by f?
36
Suppose -4*n = -14 - 386. What is the remainder when n is divided by 26?
22
Let x(b) = -b**3 + 7*b**2 - 2*b - 8. What is the remainder when x(6) is divided by 1 - -6 - 6/(-2 - 0)?
6
Let p(l) = -l**2 + 20*l - 10. Suppose -3*q + 14 = 2*a - 13, -46 = -3*a + q. What is the remainder when p(18) is divided by a?
11
Suppose 0*b = -b + 30. Suppose -5 = -2*p + 29. What is the remainder when b is divided by p?
13
Suppose 0 = l - 4*l - n + 53, -20 = 5*n. Calculate the remainder when l is divided by ((-300)/125)/((-6)/20).
3
Suppose -6 = 2*t, -t = -5*j - 33 - 9. Suppose 176 = 5*k - 154. Calculate the remainder when k is divided by 3/j + 280/12.
20
Let j(r) = -3*r**2 + 36*r - 69. Let x(f) = -f**2 + 12*f - 23. Let o(s) = -6*j(s) + 17*x(s). What is the remainder when 10 is divided by o(10)?
1
Let j be (-3)/2*(-4)/3. Suppose 15 = -4*u - u. Calculate the remainder when 44 is divided by (u/6)/(j/(-92)).
21
Let w(z) = z**2 - 4*z - 4. Let o be w(7). Calculate the remainder when o + -3 + (0 - -5) is divided by 11.
8
Suppose 4*j = 435 + 69.